110101?
-100100111110010
In base 7, what is -5 + 5541310464?
5541310456
In base 6, what is -11421450 - 444?
-11422334
In base 6, what is 1403 + -1005142?
-1003335
In base 13, what is b7 + -275bbb?
-275b04
In base 10, what is 258 + -2814?
-2556
In base 4, what is -201031311 + 3112?
-201022133
In base 5, what is -1100422204 - -113?
-1100422041
In base 6, what is -4 + -42041125433?
-42041125441
In base 6, what is 105225031 + 355?
105225430
In base 13, what is -15 - -87c2aa?
87c295
In base 6, what is 2 - 243352405?
-243352403
In base 6, what is -12 - -42304553?
42304541
In base 5, what is 411124 - 101024?
310100
In base 2, what is -11110 + -110110000001111101100?
-110110000010000001010
In base 16, what is -2959e6 + 2?
-2959e4
In base 8, what is -1 - -2064761?
2064760
In base 5, what is -10 - 32243133034?
-32243133044
In base 7, what is 5 - 55533222?
-55533214
In base 12, what is 0 + 840033?
840033
In base 6, what is -122331 - 2105?
-124440
In base 10, what is 767 - -181688?
182455
In base 7, what is -143 + -2463514?
-2463660
In base 5, what is 1313303 + -110312?
1202441
In base 12, what is -56a782a4 + 1?
-56a782a3
In base 16, what is 586 + -5583f?
-552b9
In base 13, what is b49 + -4641?
-37c5
In base 10, what is 563117 - 33?
563084
In base 3, what is -10000201222112010 + -21?
-10000201222112101
In base 7, what is 22002 + -54454?
-32452
In base 7, what is -26442 + -111350?
-141122
In base 7, what is 1005105 - -121?
1005226
In base 9, what is -306841 - 36?
-306877
In base 11, what is -213 + 53906a?
538957
In base 2, what is -101 + 11001101101011001110110?
11001101101011001110001
In base 7, what is 6 + -26102010?
-26102001
In base 6, what is 242144444 + -1?
242144443
In base 3, what is -10 + -12112212002212201?
-12112212002212211
In base 10, what is -188557 - -3788?
-184769
In base 11, what is -2302aa58 + 18?
-2302aa40
In base 11, what is 92a31741 - -5?
92a31746
In base 15, what is -461 - -5793?
5332
In base 8, what is -33476 + 11?
-33465
In base 3, what is 110002 + -220112011122?
-220111201120
In base 7, what is 1204523 + -104?
1204416
In base 8, what is 305 + -406611?
-406304
In base 10, what is 393738882 + 2?
393738884
In base 2, what is 11 + -100111010111101111010111?
-100111010111101111010100
In base 15, what is -1a56bc - -8?
-1a56b4
In base 3, what is 111 - -2100211020120020?
2100211020120201
In base 5, what is 332020 - -142?
332212
In base 3, what is -1111201102 + -2022?
-1111210201
In base 10, what is -136 + -207037?
-207173
In base 14, what is -714a + -33?
-717d
In base 9, what is -85 - -1064617?
1064522
In base 8, what is 235136226 - 4?
235136222
In base 5, what is -3102304322 - 3?
-3102304330
In base 9, what is -2055136048 - 3?
-2055136052
In base 2, what is -1100101000010011001110110 + 10?
-1100101000010011001110100
In base 14, what is -a + -795134?
-795140
In base 13, what is 2287319 - -2?
228731b
In base 5, what is -32021 + -10313?
-42334
In base 2, what is -10100001001010101111101000 + -110?
-10100001001010101111101110
In base 9, what is -1264 - -58318?
57044
In base 12, what is -4209 - -761?
-3668
In base 2, what is -1100001 - -100110101111101?
100110100011100
In base 7, what is -23264114 + 566?
-23263215
In base 9, what is -3338 - -28?
-3310
In base 16, what is -5d - -ab43?
aae6
In base 9, what is 7 - 1688043?
-1688035
In base 3, what is 1001002102200 + 0?
1001002102200
In base 6, what is 233 + -1142415?
-1142142
In base 16, what is -920337 - -4?
-920333
In base 12, what is -1b + -1616493?
-16164b2
In base 4, what is -1102213302 - 10?
-1102213312
In base 6, what is 44031 + 3000?
51031
In base 10, what is 75 + -1868153?
-1868078
In base 16, what is -519 - 35513?
-35a2c
In base 13, what is 11 - -6385a5?
6385b6
In base 10, what is 5 + 240312338?
240312343
In base 12, what is 58 - -27265b?
2726b7
In base 4, what is -203301010230030 + -1?
-203301010230031
In base 13, what is -74718 - -167?
-74581
In base 9, what is -44 - 14250504?
-14250548
In base 5, what is -1111311 - -1304120?
142304
In base 6, what is -3 + -5522501304?
-5522501311
In base 7, what is 5 - 1064515562?
-1064515554
In base 12, what is -10b9108 + -3?
-10b910b
In base 9, what is 3231600 - -7?
3231607
In base 4, what is -10 + 21300102103?
21300102033
In base 16, what is 2125 + -5134?
-300f
In base 6, what is -520 + 23202231?
23201311
In base 2, what is -1001000110000 + 1100000010101?
10111100101
In base 9, what is -6 - 47312?
-47318
In base 14, what is -1a4 + -942?
-b06
In base 16, what is -b + f2f73?
f2f68
In base 9, what is -1 + -140213587?
-140213588
In base 2, what is 10010001001000 - -110100000001?
11000101001001
In base 5, what is 200121201103 - 10?
200121201043
In base 2, what is -101101110101000000 - -100001?
-101101110100011111
In base 14, what is -a8aad15 - 0?
-a8aad15
In base 10, what is -65235912 - 2?
-65235914
In base 12, what is 7b + -1b5aa3?
-1b5a24
In base 10, what is -729971 + -11?
-729982
In base 12, what is 86a + -6162?
-54b4
In base 13, what is 156ac3 - 2?
156ac1
In base 4, what is -3032 - -2122200103?
2122131011
In base 5, what is 1000 - 2200143022?
-2200142022
In base 10, what is 2 + 18458380?
18458382
In base 10, what is -24 - -10349466?
10349442
In base 4, what is 10102 - -103133312?
103210020
In base 3, what is 0 - 20000222211002?
-20000222211002
In base 7, what is 0 + 2411424104?
2411424104
In base 13, what is -101220 + 2b1?
-100c3c
In base 7, what is -153510 - -1225?
-152252
In base 13, what is -12 - -2a08678?
2a08666
In base 2, what is -110000010010101011001111 - -1?
-110000010010101011001110
In base 16, what is 5521b - -37?
55252
In base 8, what is 20150053 - -4?
20150057
In base 11, what is 2 - -78432347?
78432349
In base 16, what is 2b37 - -f86?
3abd
In base 8, what is -1 + -1431065?
-1431066
In base 2, what is 11111101000110111 - -100010?
11111101001011001
In base 2, what is -111110 - 1110001111000110?
-1110010000000100
In base 2, what is -10000 - -110110111100101110?
110110111100011110
In base 14, what is -23320 - -65d5?
-1ab29
In base 6, what is -45 - 1453533?
-1454022
In base 10, what is -587 + -17694?
-18281
In base 7, what is -56063642 - -41?
-56063601
In base 8, what is -274072 + 32?
-274040
In base 2, what is -11010 + 10010111011101110000110?
10010111011101101101100
In base 5, what is 3420104431 + -4?
3420104422
In base 16, what is -14 + 20eff7?
20efe3
In base 2, what is 1010100100100101000110 - 101?
1010100100100101000001
In base 10, what is 8 - -51433?
51441
In base 5, what is -304224442 + -4?
-304230001
In base 7, what is 16 - -2242020?
2242036
In base 2, what is 100111010000 + -101100100111001?
-100111101101001
In base 14, what is -67 + 5b271?
5b208
In base 4, what is 13 + 20222211223?
20222211302
In base 14, what is 13ab + -cd0c?
-b941
In base 12, what is 305 - 2ab22a?
-2aab25
In base 6, what is 0 - -2414440221?
2414440221
In base 2, what is -11101010010 - -110000110001101000?
110000010100010110
In base 14, what is -b0b5841 - 4?
-b0b5845
In base 2, what is -100 - 1110011111111110000111001?
-1110011111111110000111101
In base 13, what is -3 - 65567a?
-655680
In base 12, what is -23 + -90275?
-90298
In base 6, what is -105201 - 122555?
-232200
In base 3, what is -121021 + 2102021210?
2101200112
In base 10, what is -1135537 - 387?
-1135924
In base 7, what is 16514 + 16336?
36153
In base 2, what is -1011 + 111011110100001110001111?
111011110100001110000100
In base 14, what is ca9a26 - -6?
ca9a2c
In base 2, what is 1110000101111001 + -10000?
1110000101101001
In base 9, what is 832771663 + -1?
832771662
In base 6, what is -111224532 + 5?
-111224523
In base 12, what is -485 + 21a3?
191a
In base 13, what is 1409c16 + 23?
1409c39
In base 4, what is -12223 + -22222201?
-22301030
In base 9, what is -1250 + -154143?
-155403
In base 10, what is -21 + 12460082?
12460061
In base 3, what is 22101 + -22012220?
-21220112
In base 8, what is -2 + -33140700?
-33140702
In base 7, what is -1533063 + -1222?
-1534315
In base 15, what is 5e - -edb3?
ee22
In base 2, what is -1110100001000111 - 100111000?
-1110100101111111
In base 9, what is 445135 + 14?
445150
In base 8, what is -12 - 3404731?
-3404743
In base 2, what is 10101 - -1001101101100001111?
1001101101100100100
In base 10, what is -1 + -7170727?
-7170728
In base 16, what is ac75 - -13e9?
c05e
In 